 by y?
39
Suppose -3*q + 10*r - 85 = 5*r, 65 = -3*q + r. Let j(z) = z**3 + 20*z**2 - 2*z - 18. Calculate the remainder when 65 is divided by j(q).
21
Calculate the remainder when 417 is divided by (-238)/(-4) - 64/(-128).
57
Suppose q - 2 = -0*q. Suppose -4*a - 54 = -q*c, -3*c = -c - a - 54. Suppose -4*n = -8*n + 56. Calculate the remainder when c is divided by n.
13
Suppose 2*l - o = -48 - 84, 5*l - 2*o = -330. Let q = l - -97. What is the remainder when q is divided by 11?
9
Let b(j) = -j**2 - 5*j + 4. Let z(w) = -2*w + 23. Let u be z(14). Calculate the remainder when b(u) is divided by 1.
0
Let u = -17 + 29. Let v(a) = 2*a**2 - 21*a + 28. What is the remainder when v(13) is divided by u?
9
Suppose -4930 = -168*b + 23*b. What is the remainder when 367 is divided by b?
27
Let x = -147 + 310. Let a = 253 - x. Calculate the remainder when 6 is divided by 2/(-6) - a/(-27).
0
Suppose -8*n + 30 = -3*n. Let o be (-33)/(-15) - (-2)/(-10). Suppose -o*w + 7 = -15. What is the remainder when w is divided by n?
5
Suppose 4*z - 8 = 24 - 8. Let n(d) = -d + 8. Let t be n(4). Suppose t*m - 36 = 4. Calculate the remainder when m is divided by z.
4
Let f = -41 - -43. Suppose -d + 24 = f*d. Let q = -30 - -61. Calculate the remainder when q is divided by d.
7
Suppose -60 = -3*k - 6. Suppose 3*c - 23 - 13 = 0. Suppose -14*f = -c*f - 104. What is the remainder when f is divided by k?
16
Suppose -11*m = -48 - 700. What is the remainder when m is divided by 3?
2
Suppose -3*i - 179 = -5*g + 99, -i = 3*g - 178. What is the remainder when g is divided by 22?
14
What is the remainder when 10 is divided by 8 - (3 + 0)/(-3)*-5?
1
Suppose y + 0*g = g - 6, -2 = g. What is the remainder when 43 is divided by (-90)/4*y/12?
13
Let p = 106 + 21. What is the remainder when p is divided by 22?
17
What is the remainder when (-10384)/(-6) + -1 - 8/(-24) is divided by 34?
30
What is the remainder when 926 is divided by -116*((-26)/44 + 29/319)?
56
What is the remainder when 7 is divided by -1 - -1 - (-12 - (8 - 16))?
3
Let h = -46 + 83. Let p be 2*-1 + (2 - -1). Let w(o) = 20*o - 1. What is the remainder when h is divided by w(p)?
18
Let u be 2/(-4)*(22 - 10). Let r(p) = -p**2 - 8*p - 3. Let f be r(u). Suppose 0 = 5*h - f - 1. Calculate the remainder when 7 is divided by h.
1
Let c = 0 - 4. Let h(r) = r**3 + r**2 - r - 3. What is the remainder when h(3) is divided by 4 + 2 + -2 - c?
6
Let k(y) = y**2 - 19*y + 103. What is the remainder when k(20) is divided by 31?
30
Suppose h = 0, -2*m + 0*m = 4*h - 112. Suppose k = 4*y + 24, 5*k - 176 + m = -3*y. Calculate the remainder when 88 is divided by k.
16
Let q = 4 + -2. What is the remainder when 61/(-549) - 92/(-18) is divided by q?
1
Suppose -2*q + 214 = 2*i, -q - 5*i + i + 98 = 0. What is the remainder when q is divided by 37?
36
Let s(w) = -2*w**2 - 13*w + 20. Suppose -g + 3*g = 4*c - 30, 4*c - g = 29. What is the remainder when s(-6) is divided by c?
5
Suppose -4*x + 12 = 3*b, 3*b - 1 - 11 = 3*x. Suppose 0*n + 3*y + 126 = 3*n, b*y - 114 = -2*n. Calculate the remainder when n is divided by -1*3*20/(-6).
7
Let r = -521 - -846. What is the remainder when r is divided by 37?
29
Calculate the remainder when (-520)/(-7) - (-4)/(-14) is divided by ((-45)/(-30) + 0)*150/9.
24
Let q = -6 + 29. Suppose q = 2*w - 7. Calculate the remainder when 43 is divided by w.
13
Let j(v) = -4*v**2 + 40*v - 23. Calculate the remainder when 132 is divided by j(7).
10
What is the remainder when 19 is divided by -2 + 11 + -6 + 0?
1
Let k(p) = p**3 - 20*p**2 - p + 53. What is the remainder when k(20) is divided by 6?
3
Let x(y) = -y**2 + 15*y - 34. What is the remainder when 179 is divided by x(9)?
19
Let z(n) = -18*n - 43. Calculate the remainder when z(-17) is divided by 67.
62
Suppose 0 = w + 4*c + c - 130, 0 = -2*w + c + 304. Calculate the remainder when w is divided by 38.
36
Let r = 47 - -39. Suppose -5*y - 11 + r = 0. Suppose 0 = -78*x + 54*x + 216. Calculate the remainder when y is divided by x.
6
Calculate the remainder when 30 is divided by (-8)/(-40)*-5*-27.
3
Suppose -6*z = 6 - 54. Suppose -6*l - 88 = -z*l. Suppose 3*a - 22 - 23 = 0. What is the remainder when l is divided by a?
14
Suppose 18 = 3*y - 339. Suppose 3*c = 5*q + 113, -2*q = -0*c - 3*c + y. Let w = c - 23. What is the remainder when w is divided by 11?
7
Suppose 4*b - 44 = 4*h, 3 + 5 = -2*b - 4*h. Suppose -5*d = 5*j + 5, -j + b*j - 3*d = 27. Calculate the remainder when 3 is divided by j.
0
Suppose 343 + 297 = -8*f. Let g = 105 + f. What is the remainder when g is divided by 7?
4
Suppose -168*n + 163*n + 50 = 0. Suppose -3*b - n*b + 208 = 0. What is the remainder when 125 is divided by b?
13
Suppose -2*l + 6*l = 8. Let a be (3 - 4)/(1/(-3)). Suppose -3*p - a*j = -5*p + 67, 0 = -p + l*j + 36. Calculate the remainder when 49 is divided by p.
23
Suppose 14*o + 768 - 2084 = 0. Calculate the remainder when 465 is divided by o.
89
Suppose -4*y - 10 = -w + 4*w, 3*y = -w - 10. Suppose 5*z - 70 = 5*o, 0 = -3*z + 2*o + 55 - 9. What is the remainder when (z/3)/((-3)/(-3)) is divided by w?
0
Let m(y) = -y**3 + 6*y**2 + 3*y - 9. Let s be m(6). Let t = s - 6. Calculate the remainder when (-10)/4*12/(-5) is divided by t.
0
Let u(t) = -t**2 + 12*t + 11. What is the remainder when u(9) is divided by (8/(-24))/((-2)/78)?
12
Let d(r) = -6*r + 206. Calculate the remainder when 93 is divided by d(26).
43
Suppose -3*r + 22*c = 24*c - 927, 0 = 2*c - 6. What is the remainder when r is divided by 52?
47
Let p be (6/12)/((-2)/(-8)). Suppose -5*q - u + 0*u + 197 = 0, -5*q - p*u + 194 = 0. Calculate the remainder when q is divided by 14.
12
Let d(b) = -13*b - 2. Let t = 152 + -89. What is the remainder when t is divided by d(-1)?
8
Suppose -5*o + 40 + 15 = 0. What is the remainder when (2/1 + -1)/(20/360) is divided by o?
7
Suppose 85*v + 660 = 89*v. What is the remainder when v is divided by 46?
27
Let t(d) = 2*d + 5. Let a(q) = -2*q**3 - 5*q**2 + q - 3. Let k be a(-4). Let z = -5 + k. Calculate the remainder when z is divided by t(4).
10
Let o = 493 + -485. What is the remainder when 214 is divided by o?
6
Let u be 0/(-2) - (2 - (2 + 2)). Suppose -z = z + u*c - 158, z = -4*c + 94. Calculate the remainder when z is divided by 19.
17
Let g = -3 + -7. Let q = -8 - g. Calculate the remainder when 5/(4/(7 + -3)) is divided by q.
1
Let x(w) = 3*w - 77. What is the remainder when 115 is divided by x(29)?
5
Let b(j) = -j**2 + 16*j + 39. Let i be b(18). Suppose -h = i*a - 6, -6*h = -4*h - 2*a - 28. What is the remainder when 45 is divided by h?
9
Suppose -25*f + 28*f - 3*y = 333, -4*y - 8 = 0. Calculate the remainder when f is divided by 3.
1
Suppose 0 = -31*z + 8543 + 2958. What is the remainder when z is divided by 22?
19
Suppose 3 = -d + 5*x + 15, 0 = -2*d - 2*x. Suppose 15 = 5*l, 2*k - d*l - l = 15. What is the remainder when 20 is divided by k?
8
Suppose -j + 14 = -2*p, -7*p = -5*j - 10*p + 31. What is the remainder when 59 is divided by j?
3
Suppose 0 = -3*z + 37 - 1. Suppose -227 = -5*j - 52. What is the remainder when j is divided by z?
11
Let x(o) = -3*o + 27. Let q be x(8). Let p(j) = 5*j - 8. Suppose -h - 2*h + 36 = 4*z, -20 = 5*h. What is the remainder when z is divided by p(q)?
5
Let o(k) = -2*k + 4. Let p be o(5). What is the remainder when 63 is divided by (p/(-4))/(1 + 63/(-66))?
30
Let p be 3/(1/2*2). Suppose -m - 4 = -p. What is the remainder when (5 + -4)/(m/(-7)) is divided by 2?
1
Suppose -47*h = -52*h - 50. Calculate the remainder when 107 is divided by (h/3)/((64/(-132))/8).
52
Let w = -7584 + 7595. Suppose c - 33 = -d, 2*c = -4*d + 107 + 29. Calculate the remainder when d is divided by w.
2
Suppose r + 0*o = -4*o + 52, 2*r - 69 = -o. Suppose -i + r + 75 = 0. What is the remainder when i is divided by 37?
33
Let r = 5 - 0. Suppose -r*l + 2*u = -u - 11, -u = -3. Calculate the remainder when 18 is divided by l.
2
Suppose -33*m + 34*m = -56. Let j = 126 + m. Calculate the remainder when j is divided by 21.
7
Let x = 278 + -180. What is the remainder when x is divided by 52?
46
Suppose -3*l - 3*y + 168 = 0, 236 = 4*l - 49*y + 50*y. Calculate the remainder when 104 is divided by l.
44
Let a(j) = j + 90. Calculate the remainder when a(-15) is divided by 38.
37
Let g = -479 - -483. Calculate the rem